{"id":33,"date":"2000-06-01T12:25:00","date_gmt":"2000-06-01T10:25:00","guid":{"rendered":"https:\/\/oikoumene.be\/index.php\/home\/"},"modified":"2025-12-01T09:46:17","modified_gmt":"2025-12-01T09:46:17","slug":"home","status":"publish","type":"page","link":"https:\/\/oikoumene.be\/","title":{"rendered":"Welkom"},"content":{"rendered":"\n<p>Opgericht door de Bisschoppenconferentie van Belgi\u00eb in 1967, heeft de Katholieke Nationale Commissie voor Oecumene (KNCO) als doel de contacten van de katholieke Kerk met de andere christelijke Kerken en geloofsgemeenschappen te bevorderen, alsmede de oecumenische pastoraal in ons land te ontwikkelen. Zij is samengesteld uit de voorzitters van de diocesane commissies en de verantwoordelijken van de nationale subcommissies.<\/p>\n\n\n\n<p>Bisschop-referent: Mgr. Johan Bonny, bisschop van Antwerpen <\/p>\n\n\n\n<p>Voorzitter: Prof. Peter De Mey &#8211; Secretaris: Mgr. Etienne Quintiens<\/p>\n\n\n\n<h2 class=\"wp-block-heading\">Onze recente artikels:<\/h2>\n\n\n<ul class=\"wp-block-latest-posts__list wp-block-latest-posts\"><li><a class=\"wp-block-latest-posts__post-title\" href=\"https:\/\/oikoumene.be\/?p=1126&#038;lang=fr\">Les conf\u00e9rences du journ\u00e9e d&#8217;\u00e9tude \u00e0 Torhout, 29 novembre 2025<\/a><\/li>\n<li><a class=\"wp-block-latest-posts__post-title\" href=\"https:\/\/oikoumene.be\/?p=1123\">De conferentieteksten van de studiedag in Torhout<\/a><\/li>\n<li><a class=\"wp-block-latest-posts__post-title\" href=\"https:\/\/oikoumene.be\/?p=1115&#038;lang=en\">Festive program 100 years of \u2018Malines Conversations\u2019<\/a><\/li>\n<li><a class=\"wp-block-latest-posts__post-title\" href=\"https:\/\/oikoumene.be\/?p=1099&#038;lang=fr\">Journ\u00e9e d&#8217;\u00e9tude et de rencontre le samedi 29 novembre 2025 \u00e0 Groenhove Diocesaan Dienstenhuis, Bosdreef 5,  8820 Torhout<\/a><\/li>\n<li><a class=\"wp-block-latest-posts__post-title\" href=\"https:\/\/oikoumene.be\/?p=1092\">Jaarlijkse studiedag van de KNCO, zaterdag 29 november 2025, Groenhove Diocesaan Dienstenhuis, Bosdreef 5, 8820 Torhout<\/a><\/li>\n<\/ul>\n\n\n<p><\/p>\n","protected":false},"excerpt":{"rendered":"<p>Opgericht door de Bisschoppenconferentie van Belgi\u00eb in 1967, heeft de Katholieke Nationale Commissie voor Oecumene (KNCO) als doel de contacten van de katholieke Kerk met de andere christelijke Kerken en geloofsgemeenschappen te bevorderen, alsmede de oecumenische pastoraal in ons land te ontwikkelen. Zij is samengesteld uit de voorzitters van de diocesane commissies en de verantwoordelijken [&hellip;]<\/p>\n","protected":false},"author":1,"featured_media":0,"parent":0,"menu_order":0,"comment_status":"closed","ping_status":"closed","template":"","meta":{"footnotes":""},"class_list":["post-33","page","type-page","status-publish","hentry"],"yoast_head":"<!-- This site is optimized with the Yoast SEO plugin v27.3 - https:\/\/yoast.com\/product\/yoast-seo-wordpress\/ -->\n<title>Welkom - Oikoumene<\/title>\n<meta name=\"robots\" content=\"index, follow, max-snippet:-1, max-image-preview:large, max-video-preview:-1\" \/>\n<link rel=\"canonical\" href=\"https:\/\/oikoumene.be\/\" \/>\n<meta property=\"og:locale\" content=\"nl_BE\" \/>\n<meta property=\"og:type\" content=\"article\" \/>\n<meta property=\"og:title\" content=\"Welkom - Oikoumene\" \/>\n<meta property=\"og:description\" content=\"Opgericht door de Bisschoppenconferentie van Belgi\u00eb in 1967, heeft de Katholieke Nationale Commissie voor Oecumene (KNCO) als doel de contacten van de katholieke Kerk met de andere christelijke Kerken en geloofsgemeenschappen te bevorderen, alsmede de oecumenische pastoraal in ons land te ontwikkelen. Zij is samengesteld uit de voorzitters van de diocesane commissies en de verantwoordelijken [&hellip;]\" \/>\n<meta property=\"og:url\" content=\"https:\/\/oikoumene.be\/\" \/>\n<meta property=\"og:site_name\" content=\"Oikoumene\" \/>\n<meta property=\"article:modified_time\" content=\"2025-12-01T09:46:17+00:00\" \/>\n<meta name=\"twitter:card\" content=\"summary_large_image\" \/>\n<meta name=\"twitter:label1\" content=\"Geschatte leestijd\" \/>\n\t<meta name=\"twitter:data1\" content=\"1 minuut\" \/>\n<script type=\"application\/ld+json\" class=\"yoast-schema-graph\">{\"@context\":\"https:\\\/\\\/schema.org\",\"@graph\":[{\"@type\":\"WebPage\",\"@id\":\"https:\\\/\\\/oikoumene.be\\\/\",\"url\":\"https:\\\/\\\/oikoumene.be\\\/\",\"name\":\"Welkom - Oikoumene\",\"isPartOf\":{\"@id\":\"https:\\\/\\\/oikoumene.be\\\/#website\"},\"datePublished\":\"2000-06-01T10:25:00+00:00\",\"dateModified\":\"2025-12-01T09:46:17+00:00\",\"breadcrumb\":{\"@id\":\"https:\\\/\\\/oikoumene.be\\\/#breadcrumb\"},\"inLanguage\":\"nl-BE\",\"potentialAction\":[{\"@type\":\"ReadAction\",\"target\":[\"https:\\\/\\\/oikoumene.be\\\/\"]}]},{\"@type\":\"BreadcrumbList\",\"@id\":\"https:\\\/\\\/oikoumene.be\\\/#breadcrumb\",\"itemListElement\":[{\"@type\":\"ListItem\",\"position\":1,\"name\":\"Home\",\"item\":\"https:\\\/\\\/oikoumene.be\\\/\"},{\"@type\":\"ListItem\",\"position\":2,\"name\":\"Welkom\"}]},{\"@type\":\"WebSite\",\"@id\":\"https:\\\/\\\/oikoumene.be\\\/#website\",\"url\":\"https:\\\/\\\/oikoumene.be\\\/\",\"name\":\"Oikoumene\",\"description\":\"\",\"publisher\":{\"@id\":\"https:\\\/\\\/oikoumene.be\\\/#organization\"},\"potentialAction\":[{\"@type\":\"SearchAction\",\"target\":{\"@type\":\"EntryPoint\",\"urlTemplate\":\"https:\\\/\\\/oikoumene.be\\\/?s={search_term_string}\"},\"query-input\":{\"@type\":\"PropertyValueSpecification\",\"valueRequired\":true,\"valueName\":\"search_term_string\"}}],\"inLanguage\":\"nl-BE\"},{\"@type\":\"Organization\",\"@id\":\"https:\\\/\\\/oikoumene.be\\\/#organization\",\"name\":\"Oikoumene\",\"url\":\"https:\\\/\\\/oikoumene.be\\\/\",\"logo\":{\"@type\":\"ImageObject\",\"inLanguage\":\"nl-BE\",\"@id\":\"https:\\\/\\\/oikoumene.be\\\/#\\\/schema\\\/logo\\\/image\\\/\",\"url\":\"https:\\\/\\\/oikoumene.be\\\/wp-content\\\/uploads\\\/2023\\\/11\\\/cropped-logo-1.png\",\"contentUrl\":\"https:\\\/\\\/oikoumene.be\\\/wp-content\\\/uploads\\\/2023\\\/11\\\/cropped-logo-1.png\",\"width\":225,\"height\":225,\"caption\":\"Oikoumene\"},\"image\":{\"@id\":\"https:\\\/\\\/oikoumene.be\\\/#\\\/schema\\\/logo\\\/image\\\/\"}}]}<\/script>\n<!-- \/ Yoast SEO plugin. -->","yoast_head_json":{"title":"Welkom - Oikoumene","robots":{"index":"index","follow":"follow","max-snippet":"max-snippet:-1","max-image-preview":"max-image-preview:large","max-video-preview":"max-video-preview:-1"},"canonical":"https:\/\/oikoumene.be\/","og_locale":"nl_BE","og_type":"article","og_title":"Welkom - Oikoumene","og_description":"Opgericht door de Bisschoppenconferentie van Belgi\u00eb in 1967, heeft de Katholieke Nationale Commissie voor Oecumene (KNCO) als doel de contacten van de katholieke Kerk met de andere christelijke Kerken en geloofsgemeenschappen te bevorderen, alsmede de oecumenische pastoraal in ons land te ontwikkelen. Zij is samengesteld uit de voorzitters van de diocesane commissies en de verantwoordelijken [&hellip;]","og_url":"https:\/\/oikoumene.be\/","og_site_name":"Oikoumene","article_modified_time":"2025-12-01T09:46:17+00:00","twitter_card":"summary_large_image","twitter_misc":{"Geschatte leestijd":"1 minuut"},"schema":{"@context":"https:\/\/schema.org","@graph":[{"@type":"WebPage","@id":"https:\/\/oikoumene.be\/","url":"https:\/\/oikoumene.be\/","name":"Welkom - Oikoumene","isPartOf":{"@id":"https:\/\/oikoumene.be\/#website"},"datePublished":"2000-06-01T10:25:00+00:00","dateModified":"2025-12-01T09:46:17+00:00","breadcrumb":{"@id":"https:\/\/oikoumene.be\/#breadcrumb"},"inLanguage":"nl-BE","potentialAction":[{"@type":"ReadAction","target":["https:\/\/oikoumene.be\/"]}]},{"@type":"BreadcrumbList","@id":"https:\/\/oikoumene.be\/#breadcrumb","itemListElement":[{"@type":"ListItem","position":1,"name":"Home","item":"https:\/\/oikoumene.be\/"},{"@type":"ListItem","position":2,"name":"Welkom"}]},{"@type":"WebSite","@id":"https:\/\/oikoumene.be\/#website","url":"https:\/\/oikoumene.be\/","name":"Oikoumene","description":"","publisher":{"@id":"https:\/\/oikoumene.be\/#organization"},"potentialAction":[{"@type":"SearchAction","target":{"@type":"EntryPoint","urlTemplate":"https:\/\/oikoumene.be\/?s={search_term_string}"},"query-input":{"@type":"PropertyValueSpecification","valueRequired":true,"valueName":"search_term_string"}}],"inLanguage":"nl-BE"},{"@type":"Organization","@id":"https:\/\/oikoumene.be\/#organization","name":"Oikoumene","url":"https:\/\/oikoumene.be\/","logo":{"@type":"ImageObject","inLanguage":"nl-BE","@id":"https:\/\/oikoumene.be\/#\/schema\/logo\/image\/","url":"https:\/\/oikoumene.be\/wp-content\/uploads\/2023\/11\/cropped-logo-1.png","contentUrl":"https:\/\/oikoumene.be\/wp-content\/uploads\/2023\/11\/cropped-logo-1.png","width":225,"height":225,"caption":"Oikoumene"},"image":{"@id":"https:\/\/oikoumene.be\/#\/schema\/logo\/image\/"}}]}},"_links":{"self":[{"href":"https:\/\/oikoumene.be\/index.php?rest_route=\/wp\/v2\/pages\/33","targetHints":{"allow":["GET"]}}],"collection":[{"href":"https:\/\/oikoumene.be\/index.php?rest_route=\/wp\/v2\/pages"}],"about":[{"href":"https:\/\/oikoumene.be\/index.php?rest_route=\/wp\/v2\/types\/page"}],"author":[{"embeddable":true,"href":"https:\/\/oikoumene.be\/index.php?rest_route=\/wp\/v2\/users\/1"}],"replies":[{"embeddable":true,"href":"https:\/\/oikoumene.be\/index.php?rest_route=%2Fwp%2Fv2%2Fcomments&post=33"}],"version-history":[{"count":73,"href":"https:\/\/oikoumene.be\/index.php?rest_route=\/wp\/v2\/pages\/33\/revisions"}],"predecessor-version":[{"id":1096,"href":"https:\/\/oikoumene.be\/index.php?rest_route=\/wp\/v2\/pages\/33\/revisions\/1096"}],"wp:attachment":[{"href":"https:\/\/oikoumene.be\/index.php?rest_route=%2Fwp%2Fv2%2Fmedia&parent=33"}],"curies":[{"name":"wp","href":"https:\/\/api.w.org\/{rel}","templated":true}]}}