{"id":954,"date":"2025-03-31T09:10:31","date_gmt":"2025-03-31T09:10:31","guid":{"rendered":"https:\/\/oikoumene.be\/?page_id=954"},"modified":"2025-12-09T09:53:37","modified_gmt":"2025-12-09T09:53:37","slug":"welcome","status":"publish","type":"page","link":"https:\/\/oikoumene.be\/?page_id=954&lang=en","title":{"rendered":"Welcome"},"content":{"rendered":"\n<p>Founded by the Bishops&#8217; Conference of Belgium in 1967, the Catholic National Commission for Ecumenism aims to promote the contacts of the Catholic Church with the other Christian Churches and religious communities, as well as to develop ecumenical pastoralism in our country. It is composed of the presidents of the diocesan commissions and those in charge of the national subcommissions.<\/p>\n\n\n\n<p>Bishop-Referee: Bishop Johan Bonny, Bishop of Antwerp<\/p>\n\n\n\n<p>Chairman: Prof. Peter De Mey &#8211; Secretary: Msgr. Etienne Quintiens<\/p>\n\n\n\n<h2 class=\"wp-block-heading\">Recent articles:<\/h2>\n\n\n<ul class=\"wp-block-latest-posts__list wp-block-latest-posts\"><li><a class=\"wp-block-latest-posts__post-title\" href=\"https:\/\/oikoumene.be\/?p=1126&#038;lang=fr\">Les conf\u00e9rences du journ\u00e9e d&#8217;\u00e9tude \u00e0 Torhout, 29 novembre 2025<\/a><\/li>\n<li><a class=\"wp-block-latest-posts__post-title\" href=\"https:\/\/oikoumene.be\/?p=1123\">De conferentieteksten van de studiedag in Torhout<\/a><\/li>\n<li><a class=\"wp-block-latest-posts__post-title\" href=\"https:\/\/oikoumene.be\/?p=1115&#038;lang=en\">Festive program 100 years of \u2018Malines Conversations\u2019<\/a><\/li>\n<li><a class=\"wp-block-latest-posts__post-title\" href=\"https:\/\/oikoumene.be\/?p=1099&#038;lang=fr\">Journ\u00e9e d&#8217;\u00e9tude et de rencontre le samedi 29 novembre 2025 \u00e0 Groenhove Diocesaan Dienstenhuis, Bosdreef 5,  8820 Torhout<\/a><\/li>\n<li><a class=\"wp-block-latest-posts__post-title\" href=\"https:\/\/oikoumene.be\/?p=1092\">Jaarlijkse studiedag van de KNCO, zaterdag 29 november 2025, Groenhove Diocesaan Dienstenhuis, Bosdreef 5, 8820 Torhout<\/a><\/li>\n<\/ul>\n\n\n<p class=\"has-large-font-size\"><\/p>\n\n\n\n<p><\/p>\n","protected":false},"excerpt":{"rendered":"<p>Founded by the Bishops&#8217; Conference of Belgium in 1967, the Catholic National Commission for Ecumenism aims to promote the contacts of the Catholic Church with the other Christian Churches and religious communities, as well as to develop ecumenical pastoralism in our country. It is composed of the presidents of the diocesan commissions and those in [&hellip;]<\/p>\n","protected":false},"author":1,"featured_media":0,"parent":0,"menu_order":0,"comment_status":"closed","ping_status":"closed","template":"","meta":{"footnotes":""},"class_list":["post-954","page","type-page","status-publish","hentry"],"yoast_head":"<!-- This site is optimized with the Yoast SEO plugin v27.3 - https:\/\/yoast.com\/product\/yoast-seo-wordpress\/ -->\n<title>Welcome - Oikoumene<\/title>\n<meta name=\"robots\" content=\"index, follow, max-snippet:-1, max-image-preview:large, max-video-preview:-1\" \/>\n<link rel=\"canonical\" href=\"https:\/\/oikoumene.be\/?page_id=954&lang=en\" \/>\n<meta property=\"og:locale\" content=\"nl_BE\" \/>\n<meta property=\"og:type\" content=\"article\" \/>\n<meta property=\"og:title\" content=\"Welcome - Oikoumene\" \/>\n<meta property=\"og:description\" content=\"Founded by the Bishops&#8217; Conference of Belgium in 1967, the Catholic National Commission for Ecumenism aims to promote the contacts of the Catholic Church with the other Christian Churches and religious communities, as well as to develop ecumenical pastoralism in our country. It is composed of the presidents of the diocesan commissions and those in [&hellip;]\" \/>\n<meta property=\"og:url\" content=\"https:\/\/oikoumene.be\/?page_id=954&amp;lang=en\" \/>\n<meta property=\"og:site_name\" content=\"Oikoumene\" \/>\n<meta property=\"article:modified_time\" content=\"2025-12-09T09:53:37+00:00\" \/>\n<meta name=\"twitter:card\" content=\"summary_large_image\" \/>\n<meta name=\"twitter:label1\" content=\"Geschatte leestijd\" \/>\n\t<meta name=\"twitter:data1\" content=\"1 minuut\" \/>\n<script type=\"application\/ld+json\" class=\"yoast-schema-graph\">{\"@context\":\"https:\\\/\\\/schema.org\",\"@graph\":[{\"@type\":\"WebPage\",\"@id\":\"https:\\\/\\\/oikoumene.be\\\/?page_id=954&lang=en\",\"url\":\"https:\\\/\\\/oikoumene.be\\\/?page_id=954&lang=en\",\"name\":\"Welcome - Oikoumene\",\"isPartOf\":{\"@id\":\"https:\\\/\\\/oikoumene.be\\\/#website\"},\"datePublished\":\"2025-03-31T09:10:31+00:00\",\"dateModified\":\"2025-12-09T09:53:37+00:00\",\"breadcrumb\":{\"@id\":\"https:\\\/\\\/oikoumene.be\\\/?page_id=954&lang=en#breadcrumb\"},\"inLanguage\":\"nl-BE\",\"potentialAction\":[{\"@type\":\"ReadAction\",\"target\":[\"https:\\\/\\\/oikoumene.be\\\/?page_id=954&lang=en\"]}]},{\"@type\":\"BreadcrumbList\",\"@id\":\"https:\\\/\\\/oikoumene.be\\\/?page_id=954&lang=en#breadcrumb\",\"itemListElement\":[{\"@type\":\"ListItem\",\"position\":1,\"name\":\"Home\",\"item\":\"https:\\\/\\\/oikoumene.be\\\/\"},{\"@type\":\"ListItem\",\"position\":2,\"name\":\"Welcome\"}]},{\"@type\":\"WebSite\",\"@id\":\"https:\\\/\\\/oikoumene.be\\\/#website\",\"url\":\"https:\\\/\\\/oikoumene.be\\\/\",\"name\":\"Oikoumene\",\"description\":\"\",\"publisher\":{\"@id\":\"https:\\\/\\\/oikoumene.be\\\/#organization\"},\"potentialAction\":[{\"@type\":\"SearchAction\",\"target\":{\"@type\":\"EntryPoint\",\"urlTemplate\":\"https:\\\/\\\/oikoumene.be\\\/?s={search_term_string}\"},\"query-input\":{\"@type\":\"PropertyValueSpecification\",\"valueRequired\":true,\"valueName\":\"search_term_string\"}}],\"inLanguage\":\"nl-BE\"},{\"@type\":\"Organization\",\"@id\":\"https:\\\/\\\/oikoumene.be\\\/#organization\",\"name\":\"Oikoumene\",\"url\":\"https:\\\/\\\/oikoumene.be\\\/\",\"logo\":{\"@type\":\"ImageObject\",\"inLanguage\":\"nl-BE\",\"@id\":\"https:\\\/\\\/oikoumene.be\\\/#\\\/schema\\\/logo\\\/image\\\/\",\"url\":\"https:\\\/\\\/oikoumene.be\\\/wp-content\\\/uploads\\\/2023\\\/11\\\/cropped-logo-1.png\",\"contentUrl\":\"https:\\\/\\\/oikoumene.be\\\/wp-content\\\/uploads\\\/2023\\\/11\\\/cropped-logo-1.png\",\"width\":225,\"height\":225,\"caption\":\"Oikoumene\"},\"image\":{\"@id\":\"https:\\\/\\\/oikoumene.be\\\/#\\\/schema\\\/logo\\\/image\\\/\"}}]}<\/script>\n<!-- \/ Yoast SEO plugin. -->","yoast_head_json":{"title":"Welcome - Oikoumene","robots":{"index":"index","follow":"follow","max-snippet":"max-snippet:-1","max-image-preview":"max-image-preview:large","max-video-preview":"max-video-preview:-1"},"canonical":"https:\/\/oikoumene.be\/?page_id=954&lang=en","og_locale":"nl_BE","og_type":"article","og_title":"Welcome - Oikoumene","og_description":"Founded by the Bishops&#8217; Conference of Belgium in 1967, the Catholic National Commission for Ecumenism aims to promote the contacts of the Catholic Church with the other Christian Churches and religious communities, as well as to develop ecumenical pastoralism in our country. It is composed of the presidents of the diocesan commissions and those in [&hellip;]","og_url":"https:\/\/oikoumene.be\/?page_id=954&lang=en","og_site_name":"Oikoumene","article_modified_time":"2025-12-09T09:53:37+00:00","twitter_card":"summary_large_image","twitter_misc":{"Geschatte leestijd":"1 minuut"},"schema":{"@context":"https:\/\/schema.org","@graph":[{"@type":"WebPage","@id":"https:\/\/oikoumene.be\/?page_id=954&lang=en","url":"https:\/\/oikoumene.be\/?page_id=954&lang=en","name":"Welcome - Oikoumene","isPartOf":{"@id":"https:\/\/oikoumene.be\/#website"},"datePublished":"2025-03-31T09:10:31+00:00","dateModified":"2025-12-09T09:53:37+00:00","breadcrumb":{"@id":"https:\/\/oikoumene.be\/?page_id=954&lang=en#breadcrumb"},"inLanguage":"nl-BE","potentialAction":[{"@type":"ReadAction","target":["https:\/\/oikoumene.be\/?page_id=954&lang=en"]}]},{"@type":"BreadcrumbList","@id":"https:\/\/oikoumene.be\/?page_id=954&lang=en#breadcrumb","itemListElement":[{"@type":"ListItem","position":1,"name":"Home","item":"https:\/\/oikoumene.be\/"},{"@type":"ListItem","position":2,"name":"Welcome"}]},{"@type":"WebSite","@id":"https:\/\/oikoumene.be\/#website","url":"https:\/\/oikoumene.be\/","name":"Oikoumene","description":"","publisher":{"@id":"https:\/\/oikoumene.be\/#organization"},"potentialAction":[{"@type":"SearchAction","target":{"@type":"EntryPoint","urlTemplate":"https:\/\/oikoumene.be\/?s={search_term_string}"},"query-input":{"@type":"PropertyValueSpecification","valueRequired":true,"valueName":"search_term_string"}}],"inLanguage":"nl-BE"},{"@type":"Organization","@id":"https:\/\/oikoumene.be\/#organization","name":"Oikoumene","url":"https:\/\/oikoumene.be\/","logo":{"@type":"ImageObject","inLanguage":"nl-BE","@id":"https:\/\/oikoumene.be\/#\/schema\/logo\/image\/","url":"https:\/\/oikoumene.be\/wp-content\/uploads\/2023\/11\/cropped-logo-1.png","contentUrl":"https:\/\/oikoumene.be\/wp-content\/uploads\/2023\/11\/cropped-logo-1.png","width":225,"height":225,"caption":"Oikoumene"},"image":{"@id":"https:\/\/oikoumene.be\/#\/schema\/logo\/image\/"}}]}},"_links":{"self":[{"href":"https:\/\/oikoumene.be\/index.php?rest_route=\/wp\/v2\/pages\/954","targetHints":{"allow":["GET"]}}],"collection":[{"href":"https:\/\/oikoumene.be\/index.php?rest_route=\/wp\/v2\/pages"}],"about":[{"href":"https:\/\/oikoumene.be\/index.php?rest_route=\/wp\/v2\/types\/page"}],"author":[{"embeddable":true,"href":"https:\/\/oikoumene.be\/index.php?rest_route=\/wp\/v2\/users\/1"}],"replies":[{"embeddable":true,"href":"https:\/\/oikoumene.be\/index.php?rest_route=%2Fwp%2Fv2%2Fcomments&post=954"}],"version-history":[{"count":16,"href":"https:\/\/oikoumene.be\/index.php?rest_route=\/wp\/v2\/pages\/954\/revisions"}],"predecessor-version":[{"id":1119,"href":"https:\/\/oikoumene.be\/index.php?rest_route=\/wp\/v2\/pages\/954\/revisions\/1119"}],"wp:attachment":[{"href":"https:\/\/oikoumene.be\/index.php?rest_route=%2Fwp%2Fv2%2Fmedia&parent=954"}],"curies":[{"name":"wp","href":"https:\/\/api.w.org\/{rel}","templated":true}]}}